{"id":384,"date":"2020-03-23T08:36:03","date_gmt":"2020-03-23T08:36:03","guid":{"rendered":"http:\/\/azlrepresentacoes.com.br\/home\/"},"modified":"2025-02-27T19:51:59","modified_gmt":"2025-02-27T19:51:59","slug":"home","status":"publish","type":"page","link":"https:\/\/azlrepresentacoes.com.br\/","title":{"rendered":"Home"},"content":{"rendered":"\t\t<div data-elementor-type=\"wp-page\" data-elementor-id=\"384\" class=\"elementor elementor-384\">\n\t\t\t\t<div class=\"elementor-element elementor-element-3e5c029 e-flex e-con-boxed e-con e-parent\" data-id=\"3e5c029\" data-element_type=\"container\" id=\"home\" data-settings=\"{&quot;background_background&quot;:&quot;slideshow&quot;,&quot;background_slideshow_gallery&quot;:[{&quot;id&quot;:881,&quot;url&quot;:&quot;http:\\\/\\\/azlrepresentacoes.com.br\\\/wp-content\\\/uploads\\\/2024\\\/06\\\/Ventildor.jpeg&quot;},{&quot;id&quot;:882,&quot;url&quot;:&quot;http:\\\/\\\/azlrepresentacoes.com.br\\\/wp-content\\\/uploads\\\/2024\\\/06\\\/Fabrica.jpeg&quot;},{&quot;id&quot;:883,&quot;url&quot;:&quot;http:\\\/\\\/azlrepresentacoes.com.br\\\/wp-content\\\/uploads\\\/2024\\\/06\\\/Moto-bomba.jpeg&quot;},{&quot;id&quot;:884,&quot;url&quot;:&quot;http:\\\/\\\/azlrepresentacoes.com.br\\\/wp-content\\\/uploads\\\/2024\\\/06\\\/Moto-Compressor.jpg&quot;},{&quot;id&quot;:885,&quot;url&quot;:&quot;http:\\\/\\\/azlrepresentacoes.com.br\\\/wp-content\\\/uploads\\\/2024\\\/06\\\/Reuniao.jpeg&quot;},{&quot;id&quot;:886,&quot;url&quot;:&quot;http:\\\/\\\/azlrepresentacoes.com.br\\\/wp-content\\\/uploads\\\/2024\\\/06\\\/TG-1.jpeg&quot;},{&quot;id&quot;:887,&quot;url&quot;:&quot;http:\\\/\\\/azlrepresentacoes.com.br\\\/wp-content\\\/uploads\\\/2024\\\/06\\\/TG-2.jpeg&quot;}],&quot;background_slideshow_slide_transition&quot;:&quot;slide_down&quot;,&quot;background_slideshow_ken_burns&quot;:&quot;yes&quot;,&quot;background_slideshow_loop&quot;:&quot;yes&quot;,&quot;background_slideshow_slide_duration&quot;:5000,&quot;background_slideshow_transition_duration&quot;:500,&quot;background_slideshow_ken_burns_zoom_direction&quot;:&quot;in&quot;}\">\n\t\t\t\t\t<div class=\"e-con-inner\">\n\t\t<div class=\"elementor-element elementor-element-1c01855 e-con-full e-flex e-con e-child\" data-id=\"1c01855\" data-element_type=\"container\">\n\t\t\t\t<div class=\"elementor-element elementor-element-0473734 elementor-widget elementor-widget-heading\" data-id=\"0473734\" data-element_type=\"widget\" data-widget_type=\"heading.default\">\n\t\t\t\t<div class=\"elementor-widget-container\">\n\t\t\t<h1 class=\"elementor-heading-title elementor-size-default\">Somos a AZL<\/h1>\t\t<\/div>\n\t\t\t\t<\/div>\n\t\t\t\t<div class=\"elementor-element elementor-element-d5837de elementor-widget elementor-widget-heading\" data-id=\"d5837de\" data-element_type=\"widget\" data-widget_type=\"heading.default\">\n\t\t\t\t<div class=\"elementor-widget-container\">\n\t\t\t<h4 class=\"elementor-heading-title elementor-size-default\">Solu\u00e7\u00f5es para automa\u00e7\u00e3o e controle, monitoramento e prote\u00e7\u00e3o de m\u00e1quinas rotativas<\/h4>\t\t<\/div>\n\t\t\t\t<\/div>\n\t\t\t\t<div class=\"elementor-element elementor-element-7661b97 elementor-widget-divider--view-line elementor-widget elementor-widget-divider\" data-id=\"7661b97\" data-element_type=\"widget\" data-widget_type=\"divider.default\">\n\t\t\t\t<div class=\"elementor-widget-container\">\n\t\t\t\t\t<div class=\"elementor-divider\">\n\t\t\t<span class=\"elementor-divider-separator\">\n\t\t\t\t\t\t<\/span>\n\t\t<\/div>\n\t\t\t\t<\/div>\n\t\t\t\t<\/div>\n\t\t\t\t<\/div>\n\t\t<div class=\"elementor-element elementor-element-4d1b507 e-con-full e-flex e-con e-child\" data-id=\"4d1b507\" data-element_type=\"container\" data-settings=\"{&quot;background_background&quot;:&quot;gradient&quot;}\">\n\t\t\t\t<div class=\"elementor-element elementor-element-2828c98 elementor-widget elementor-widget-text-editor\" data-id=\"2828c98\" data-element_type=\"widget\" data-widget_type=\"text-editor.default\">\n\t\t\t\t<div class=\"elementor-widget-container\">\n\t\t\t\t\t\t\t<p><div class=\"wpforms-container \" id=\"wpforms-8\"><form id=\"wpforms-form-8\" class=\"wpforms-validate wpforms-form\" data-formid=\"8\" method=\"post\" enctype=\"multipart\/form-data\" action=\"\/index.php?rest_route=%2Fwp%2Fv2%2Fpages%2F384\" data-token=\"d9b1d541717361053fb213fdbbcbdbe8\" data-token-time=\"1778749608\"><noscript class=\"wpforms-error-noscript\">Ative o JavaScript no seu navegador para preencher este formul\u00e1rio.<\/noscript><div class=\"wpforms-field-container\"><div id=\"wpforms-8-field_0-container\" class=\"wpforms-field wpforms-field-name\" data-field-id=\"0\"><label class=\"wpforms-field-label wpforms-label-hide\" for=\"wpforms-8-field_0\">Name <span class=\"wpforms-required-label\">*<\/span><\/label><div class=\"wpforms-field-row wpforms-field-large\"><div class=\"wpforms-field-row-block wpforms-first wpforms-one-half\"><input type=\"text\" id=\"wpforms-8-field_0\" class=\"wpforms-field-name-first wpforms-field-required\" name=\"wpforms[fields][0][first]\" placeholder=\"NOME\" required><label for=\"wpforms-8-field_0\" class=\"wpforms-field-sublabel after wpforms-sublabel-hide\">Nome<\/label><\/div><div class=\"wpforms-field-row-block wpforms-one-half\"><input type=\"text\" id=\"wpforms-8-field_0-last\" class=\"wpforms-field-name-last wpforms-field-required\" name=\"wpforms[fields][0][last]\" placeholder=\"TELEFONE\" required><label for=\"wpforms-8-field_0-last\" class=\"wpforms-field-sublabel after wpforms-sublabel-hide\">Sobrenome<\/label><\/div><\/div><\/div><div id=\"wpforms-8-field_1-container\" class=\"wpforms-field wpforms-field-email\" data-field-id=\"1\"><label class=\"wpforms-field-label wpforms-label-hide\" for=\"wpforms-8-field_1\">Email <span class=\"wpforms-required-label\">*<\/span><\/label><input type=\"email\" id=\"wpforms-8-field_1\" class=\"wpforms-field-large wpforms-field-required\" name=\"wpforms[fields][1]\" placeholder=\"Email\" spellcheck=\"false\" required><\/div><div id=\"wpforms-8-field_7-container\" class=\"wpforms-field wpforms-field-select wpforms-field-select-style-classic\" data-field-id=\"7\"><label class=\"wpforms-field-label\" for=\"wpforms-8-field_7\">Escolha a solu\u00e7\u00e3o<\/label><select id=\"wpforms-8-field_7\" class=\"wpforms-field-large\" name=\"wpforms[fields][7]\"><option value=\"Sistemas de Prote\u00e7\u00e3o de M\u00e1quinas\" >Sistemas de Prote\u00e7\u00e3o de M\u00e1quinas<\/option><option value=\"Sistemas de Monitoramento Online de Condi\u00e7\u00f5es\" >Sistemas de Monitoramento Online de Condi\u00e7\u00f5es<\/option><option value=\"Sensores e Transdutores\" >Sensores e Transdutores<\/option><option value=\"Coletores e Analisadores Port\u00e1teis\" >Coletores e Analisadores Port\u00e1teis<\/option><option value=\"System 1 \u2013 Software de Diagn\u00f3stico e Monitoramento de Condi\u00e7\u00f5es\" >System 1 \u2013 Software de Diagn\u00f3stico e Monitoramento de Condi\u00e7\u00f5es<\/option><\/select><\/div><\/div><!-- .wpforms-field-container --><div class=\"wpforms-field wpforms-field-hp\"><label for=\"wpforms-8-field-hp\" class=\"wpforms-field-label\">Website<\/label><input type=\"text\" name=\"wpforms[hp]\" id=\"wpforms-8-field-hp\" class=\"wpforms-field-medium\"><\/div><div class=\"wpforms-submit-container\" ><input type=\"hidden\" name=\"wpforms[id]\" value=\"8\"><input type=\"hidden\" name=\"page_title\" value=\"\"><input type=\"hidden\" name=\"page_url\" value=\"https:\/\/azlrepresentacoes.com.br\/index.php?rest_route=\/wp\/v2\/pages\/384\"><input type=\"hidden\" name=\"url_referer\" value=\"\"><button type=\"submit\" name=\"wpforms[submit]\" id=\"wpforms-submit-8\" class=\"wpforms-submit\" data-alt-text=\"Enviando...\" data-submit-text=\"Solicitar Atendimento\" aria-live=\"assertive\" value=\"wpforms-submit\">Solicitar Atendimento<\/button><\/div><\/form><\/div>  <!-- .wpforms-container --><\/p>\t\t\t\t\t\t<\/div>\n\t\t\t\t<\/div>\n\t\t\t\t<\/div>\n\t\t\t\t\t<\/div>\n\t\t\t\t<\/div>\n\t\t<div class=\"elementor-element elementor-element-ba03b0a e-flex e-con-boxed e-con e-parent\" data-id=\"ba03b0a\" data-element_type=\"container\" data-settings=\"{&quot;background_background&quot;:&quot;classic&quot;}\">\n\t\t\t\t\t<div class=\"e-con-inner\">\n\t\t\t\t<div class=\"elementor-element elementor-element-3ccd224 elementor-widget elementor-widget-image-box\" data-id=\"3ccd224\" data-element_type=\"widget\" data-widget_type=\"image-box.default\">\n\t\t\t\t<div class=\"elementor-widget-container\">\n\t\t\t<div class=\"elementor-image-box-wrapper\"><div class=\"elementor-image-box-content\"><h3 class=\"elementor-image-box-title\">System 1 \u2013 Software de Diagn\u00f3stico e Monitoramento de Condi\u00e7\u00f5es<\/h3><p class=\"elementor-image-box-description\">A plataforma System 1 fornece solu\u00e7\u00f5es para monitoramento e an\u00e1lise de dados cr\u00edticos e diagn\u00f3sticos do comportamentos de m\u00e1quinas necess\u00e1rios para manter os ativos de toda a planta funcionando sem problemas e evitar tempos de inatividade indesejados<\/p><\/div><\/div>\t\t<\/div>\n\t\t\t\t<\/div>\n\t\t\t\t<div class=\"elementor-element elementor-element-b82dbc4 elementor-align-center elementor-widget elementor-widget-button\" data-id=\"b82dbc4\" data-element_type=\"widget\" data-widget_type=\"button.default\">\n\t\t\t\t<div class=\"elementor-widget-container\">\n\t\t\t\t\t\t\t<div class=\"elementor-button-wrapper\">\n\t\t\t\t\t<a class=\"elementor-button elementor-button-link elementor-size-md\" href=\"http:\/\/azlrepresentacoes.com.br\/solucoes-bently-nevada\/\">\n\t\t\t\t\t\t<span class=\"elementor-button-content-wrapper\">\n\t\t\t\t\t\t\t\t\t<span class=\"elementor-button-text\">Clique para conhecer<\/span>\n\t\t\t\t\t<\/span>\n\t\t\t\t\t<\/a>\n\t\t\t\t<\/div>\n\t\t\t\t\t\t<\/div>\n\t\t\t\t<\/div>\n\t\t\t\t\t<\/div>\n\t\t\t\t<\/div>\n\t\t<div class=\"elementor-element elementor-element-4ff1866 e-grid e-con-boxed e-con e-parent\" data-id=\"4ff1866\" data-element_type=\"container\">\n\t\t\t\t\t<div class=\"e-con-inner\">\n\t\t\t\t<div class=\"elementor-element elementor-element-0815d1c elementor-widget__width-initial elementor-position-top elementor-widget elementor-widget-image-box\" data-id=\"0815d1c\" data-element_type=\"widget\" data-widget_type=\"image-box.default\">\n\t\t\t\t<div class=\"elementor-widget-container\">\n\t\t\t<div class=\"elementor-image-box-wrapper\"><figure class=\"elementor-image-box-img\"><a href=\"https:\/\/azlrepresentacoes.com.br\/?page_id=702\/#protecao\" tabindex=\"-1\"><img fetchpriority=\"high\" decoding=\"async\" width=\"600\" height=\"380\" src=\"https:\/\/azlrepresentacoes.com.br\/wp-content\/uploads\/2024\/06\/1.jpg\" class=\"attachment-full size-full wp-image-908\" alt=\"\" srcset=\"https:\/\/azlrepresentacoes.com.br\/wp-content\/uploads\/2024\/06\/1.jpg 600w, https:\/\/azlrepresentacoes.com.br\/wp-content\/uploads\/2024\/06\/1-300x190.jpg 300w\" sizes=\"(max-width: 600px) 100vw, 600px\" \/><\/a><\/figure><div class=\"elementor-image-box-content\"><h3 class=\"elementor-image-box-title\"><a href=\"https:\/\/azlrepresentacoes.com.br\/?page_id=702\/#protecao\">Sistemas de Prote\u00e7\u00e3o de M\u00e1quinas<\/a><\/h3><p class=\"elementor-image-box-description\">Os sistemas de prote\u00e7\u00e3o de m\u00e1quinas da Bently Nevada monitoram continuamente os n\u00edveis de vibra\u00e7\u00e3o de ativos cr\u00edticos, alertando ou at\u00e9 desligando o equipamento se n\u00edveis pr\u00e9-determinados forem excedidos.<\/p><\/div><\/div>\t\t<\/div>\n\t\t\t\t<\/div>\n\t\t\t\t<div class=\"elementor-element elementor-element-7ac73fa elementor-widget__width-initial elementor-position-top elementor-widget elementor-widget-image-box\" data-id=\"7ac73fa\" data-element_type=\"widget\" data-widget_type=\"image-box.default\">\n\t\t\t\t<div class=\"elementor-widget-container\">\n\t\t\t<div class=\"elementor-image-box-wrapper\"><figure class=\"elementor-image-box-img\"><a href=\"https:\/\/azlrepresentacoes.com.br\/?page_id=702\/#monitoramento\" tabindex=\"-1\"><img decoding=\"async\" width=\"600\" height=\"380\" src=\"https:\/\/azlrepresentacoes.com.br\/wp-content\/uploads\/2024\/06\/AZL.png\" class=\"attachment-full size-full wp-image-914\" alt=\"\" srcset=\"https:\/\/azlrepresentacoes.com.br\/wp-content\/uploads\/2024\/06\/AZL.png 600w, https:\/\/azlrepresentacoes.com.br\/wp-content\/uploads\/2024\/06\/AZL-300x190.png 300w\" sizes=\"(max-width: 600px) 100vw, 600px\" \/><\/a><\/figure><div class=\"elementor-image-box-content\"><h3 class=\"elementor-image-box-title\"><a href=\"https:\/\/azlrepresentacoes.com.br\/?page_id=702\/#monitoramento\">Sistemas de Monitoramento Online de Condi\u00e7\u00f5es<\/a><\/h3><p class=\"elementor-image-box-description\">Os sistemas de monitoramento de condi\u00e7\u00f5es on-line da Bently Nevada fornecem processamento de sinal digital de alta qualidade, comunica\u00e7\u00f5es em rede e software anal\u00edtico, a fim de manter sua m\u00e1quina operando em condi\u00e7\u00f5es de pico.<\/p><\/div><\/div>\t\t<\/div>\n\t\t\t\t<\/div>\n\t\t\t\t\t<\/div>\n\t\t\t\t<\/div>\n\t\t<div class=\"elementor-element elementor-element-cd58283 e-grid e-con-boxed e-con e-parent\" data-id=\"cd58283\" data-element_type=\"container\">\n\t\t\t\t\t<div class=\"e-con-inner\">\n\t\t\t\t<div class=\"elementor-element elementor-element-e8c7772 elementor-widget__width-initial elementor-position-top elementor-widget elementor-widget-image-box\" data-id=\"e8c7772\" data-element_type=\"widget\" data-widget_type=\"image-box.default\">\n\t\t\t\t<div class=\"elementor-widget-container\">\n\t\t\t<div class=\"elementor-image-box-wrapper\"><figure class=\"elementor-image-box-img\"><a href=\"https:\/\/azlrepresentacoes.com.br\/?page_id=702\/#coletores\" tabindex=\"-1\"><img decoding=\"async\" src=\"https:\/\/azlrepresentacoes.com.br\/wp-content\/uploads\/elementor\/thumbs\/4-qq6kecc6l8n3j3ewyrx4dmfaw0c9p5tvl72rmgnuew.jpg\" title=\"4\" alt=\"4\" loading=\"lazy\" \/><\/a><\/figure><div class=\"elementor-image-box-content\"><h3 class=\"elementor-image-box-title\"><a href=\"https:\/\/azlrepresentacoes.com.br\/?page_id=702\/#coletores\">Coletores e Analisadores Port\u00e1teis<\/a><\/h3><p class=\"elementor-image-box-description\">Os coletores e analisadores de dados port\u00e1teis da Bently Nevada entregam uma poderosa capacidade de diagn\u00f3stico para  os ativos da sua planta.<\/p><\/div><\/div>\t\t<\/div>\n\t\t\t\t<\/div>\n\t\t\t\t<div class=\"elementor-element elementor-element-2b75a01 elementor-widget__width-initial elementor-position-top elementor-widget elementor-widget-image-box\" data-id=\"2b75a01\" data-element_type=\"widget\" data-widget_type=\"image-box.default\">\n\t\t\t\t<div class=\"elementor-widget-container\">\n\t\t\t<div class=\"elementor-image-box-wrapper\"><figure class=\"elementor-image-box-img\"><a href=\"https:\/\/azlrepresentacoes.com.br\/?page_id=702\/#sensores\" tabindex=\"-1\"><img decoding=\"async\" src=\"https:\/\/azlrepresentacoes.com.br\/wp-content\/uploads\/elementor\/thumbs\/3-qq6kd53luuzwp15pz98a6xc3ka9dv328392fjqfyd4.jpg\" title=\"3\" alt=\"3\" loading=\"lazy\" \/><\/a><\/figure><div class=\"elementor-image-box-content\"><h3 class=\"elementor-image-box-title\"><a href=\"https:\/\/azlrepresentacoes.com.br\/?page_id=702\/#sensores\">Sensores e Transdutores<\/a><\/h3><p class=\"elementor-image-box-description\">A Bently Nevada oferece uma ampla variedade de sensores e transdutores para medi\u00e7\u00e3o de vari\u00e1veis como vibra\u00e7\u00e3o, posi\u00e7\u00e3o, velocidade, press\u00e3o, deslocamento axial, dentre outras.<\/p><\/div><\/div>\t\t<\/div>\n\t\t\t\t<\/div>\n\t\t\t\t\t<\/div>\n\t\t\t\t<\/div>\n\t\t<div class=\"elementor-element elementor-element-c03da83 e-flex e-con-boxed e-con e-parent\" data-id=\"c03da83\" data-element_type=\"container\" data-settings=\"{&quot;background_background&quot;:&quot;classic&quot;}\">\n\t\t\t\t\t<div class=\"e-con-inner\">\n\t\t<div class=\"elementor-element elementor-element-036076d e-con-full e-flex e-con e-child\" data-id=\"036076d\" data-element_type=\"container\" data-settings=\"{&quot;background_background&quot;:&quot;classic&quot;}\">\n\t\t<div class=\"elementor-element elementor-element-0cd0fd9 e-con-full e-flex e-con e-child\" data-id=\"0cd0fd9\" data-element_type=\"container\">\n\t\t<div class=\"elementor-element elementor-element-c882f38 e-con-full e-flex e-con e-child\" data-id=\"c882f38\" data-element_type=\"container\">\n\t\t\t\t<div class=\"elementor-element elementor-element-506ecd2 elementor-widget elementor-widget-heading\" data-id=\"506ecd2\" data-element_type=\"widget\" data-widget_type=\"heading.default\">\n\t\t\t\t<div class=\"elementor-widget-container\">\n\t\t\t<h3 class=\"elementor-heading-title elementor-size-default\">Queremos conversar com voc\u00ea!<\/h3>\t\t<\/div>\n\t\t\t\t<\/div>\n\t\t\t\t<div class=\"elementor-element elementor-element-e0ce580 elementor-widget elementor-widget-text-editor\" data-id=\"e0ce580\" data-element_type=\"widget\" data-widget_type=\"text-editor.default\">\n\t\t\t\t<div class=\"elementor-widget-container\">\n\t\t\t\t\t\t\t<p>Tem alguma d\u00favida? Nossa equipe t\u00e9cnica est\u00e1 pronta e preparada para lhe atender prontamente. Ser\u00e1 um prazer apresentar nossas solu\u00e7\u00f5es!<\/p>\t\t\t\t\t\t<\/div>\n\t\t\t\t<\/div>\n\t\t\t\t<\/div>\n\t\t<div class=\"elementor-element elementor-element-b206740 e-con-full e-flex e-con e-child\" data-id=\"b206740\" data-element_type=\"container\">\n\t\t\t\t<div class=\"elementor-element elementor-element-8c55f3b elementor-align-center elementor-widget elementor-widget-button\" data-id=\"8c55f3b\" data-element_type=\"widget\" data-widget_type=\"button.default\">\n\t\t\t\t<div class=\"elementor-widget-container\">\n\t\t\t\t\t\t\t<div class=\"elementor-button-wrapper\">\n\t\t\t\t\t<a class=\"elementor-button elementor-button-link elementor-size-md\" href=\"#ctc_chat\">\n\t\t\t\t\t\t<span class=\"elementor-button-content-wrapper\">\n\t\t\t\t\t\t\t\t\t<span class=\"elementor-button-text\">ligue: 16 99241-7246<\/span>\n\t\t\t\t\t<\/span>\n\t\t\t\t\t<\/a>\n\t\t\t\t<\/div>\n\t\t\t\t\t\t<\/div>\n\t\t\t\t<\/div>\n\t\t\t\t<\/div>\n\t\t\t\t<\/div>\n\t\t\t\t<\/div>\n\t\t\t\t\t<\/div>\n\t\t\t\t<\/div>\n\t\t<div class=\"elementor-element elementor-element-47b6ed7 e-flex e-con-boxed e-con e-parent\" data-id=\"47b6ed7\" data-element_type=\"container\" id=\"contact\" data-settings=\"{&quot;shape_divider_top&quot;:&quot;tilt&quot;}\">\n\t\t\t\t\t<div class=\"e-con-inner\">\n\t\t\t\t<div class=\"elementor-shape elementor-shape-top\" data-negative=\"false\">\n\t\t\t<svg xmlns=\"http:\/\/www.w3.org\/2000\/svg\" viewBox=\"0 0 1000 100\" preserveAspectRatio=\"none\">\n\t<path class=\"elementor-shape-fill\" d=\"M0,6V0h1000v100L0,6z\"\/>\n<\/svg>\t\t<\/div>\n\t\t<div class=\"elementor-element elementor-element-51e23a6 e-con-full e-flex e-con e-child\" data-id=\"51e23a6\" data-element_type=\"container\">\n\t\t\t\t<div class=\"elementor-element elementor-element-cd23baa elementor-widget elementor-widget-google_maps\" data-id=\"cd23baa\" data-element_type=\"widget\" data-widget_type=\"google_maps.default\">\n\t\t\t\t<div class=\"elementor-widget-container\">\n\t\t\t\t\t<div class=\"elementor-custom-embed\">\n\t\t\t<iframe loading=\"lazy\"\n\t\t\t\t\tsrc=\"https:\/\/maps.google.com\/maps?q=Ribeir%C3%A3o%20Preto%2C%20S%C3%A3o%20Paulo&#038;t=m&#038;z=16&#038;output=embed&#038;iwloc=near\"\n\t\t\t\t\ttitle=\"Ribeir\u00e3o Preto, S\u00e3o Paulo\"\n\t\t\t\t\taria-label=\"Ribeir\u00e3o Preto, S\u00e3o Paulo\"\n\t\t\t><\/iframe>\n\t\t<\/div>\n\t\t\t\t<\/div>\n\t\t\t\t<\/div>\n\t\t\t\t<\/div>\n\t\t\t\t\t<\/div>\n\t\t\t\t<\/div>\n\t\t\t\t<\/div>\n\t\t","protected":false},"excerpt":{"rendered":"<p>Somos a AZL Solu\u00e7\u00f5es para automa\u00e7\u00e3o e controle, monitoramento e prote\u00e7\u00e3o de m\u00e1quinas rotativas System 1 \u2013 Software de Diagn\u00f3stico e Monitoramento de Condi\u00e7\u00f5es A plataforma System 1 fornece solu\u00e7\u00f5es para monitoramento e an\u00e1lise de dados cr\u00edticos e diagn\u00f3sticos do comportamentos de m\u00e1quinas necess\u00e1rios para manter os ativos de toda a planta funcionando sem problemas [&hellip;]<\/p>\n","protected":false},"author":1,"featured_media":0,"parent":0,"menu_order":0,"comment_status":"closed","ping_status":"closed","template":"","meta":{"site-sidebar-layout":"no-sidebar","site-content-layout":"page-builder","ast-site-content-layout":"","site-content-style":"default","site-sidebar-style":"default","ast-global-header-display":"","ast-banner-title-visibility":"","ast-main-header-display":"","ast-hfb-above-header-display":"","ast-hfb-below-header-display":"","ast-hfb-mobile-header-display":"","site-post-title":"disabled","ast-breadcrumbs-content":"disabled","ast-featured-img":"disabled","footer-sml-layout":"","theme-transparent-header-meta":"default","adv-header-id-meta":"","stick-header-meta":"","header-above-stick-meta":"","header-main-stick-meta":"","header-below-stick-meta":"","astra-migrate-meta-layouts":"default","ast-page-background-enabled":"default","ast-page-background-meta":{"desktop":{"background-color":"","background-image":"","background-repeat":"repeat","background-position":"center center","background-size":"auto","background-attachment":"scroll","background-type":"","background-media":"","overlay-type":"","overlay-color":"","overlay-opacity":"","overlay-gradient":""},"tablet":{"background-color":"","background-image":"","background-repeat":"repeat","background-position":"center center","background-size":"auto","background-attachment":"scroll","background-type":"","background-media":"","overlay-type":"","overlay-color":"","overlay-opacity":"","overlay-gradient":""},"mobile":{"background-color":"","background-image":"","background-repeat":"repeat","background-position":"center center","background-size":"auto","background-attachment":"scroll","background-type":"","background-media":"","overlay-type":"","overlay-color":"","overlay-opacity":"","overlay-gradient":""}},"ast-content-background-meta":{"desktop":{"background-color":"var(--ast-global-color-5)","background-image":"","background-repeat":"repeat","background-position":"center center","background-size":"auto","background-attachment":"scroll","background-type":"","background-media":"","overlay-type":"","overlay-color":"","overlay-opacity":"","overlay-gradient":""},"tablet":{"background-color":"var(--ast-global-color-5)","background-image":"","background-repeat":"repeat","background-position":"center center","background-size":"auto","background-attachment":"scroll","background-type":"","background-media":"","overlay-type":"","overlay-color":"","overlay-opacity":"","overlay-gradient":""},"mobile":{"background-color":"var(--ast-global-color-5)","background-image":"","background-repeat":"repeat","background-position":"center center","background-size":"auto","background-attachment":"scroll","background-type":"","background-media":"","overlay-type":"","overlay-color":"","overlay-opacity":"","overlay-gradient":""}},"footnotes":""},"class_list":["post-384","page","type-page","status-publish","hentry"],"_links":{"self":[{"href":"https:\/\/azlrepresentacoes.com.br\/index.php?rest_route=\/wp\/v2\/pages\/384","targetHints":{"allow":["GET"]}}],"collection":[{"href":"https:\/\/azlrepresentacoes.com.br\/index.php?rest_route=\/wp\/v2\/pages"}],"about":[{"href":"https:\/\/azlrepresentacoes.com.br\/index.php?rest_route=\/wp\/v2\/types\/page"}],"author":[{"embeddable":true,"href":"https:\/\/azlrepresentacoes.com.br\/index.php?rest_route=\/wp\/v2\/users\/1"}],"replies":[{"embeddable":true,"href":"https:\/\/azlrepresentacoes.com.br\/index.php?rest_route=%2Fwp%2Fv2%2Fcomments&post=384"}],"version-history":[{"count":111,"href":"https:\/\/azlrepresentacoes.com.br\/index.php?rest_route=\/wp\/v2\/pages\/384\/revisions"}],"predecessor-version":[{"id":952,"href":"https:\/\/azlrepresentacoes.com.br\/index.php?rest_route=\/wp\/v2\/pages\/384\/revisions\/952"}],"wp:attachment":[{"href":"https:\/\/azlrepresentacoes.com.br\/index.php?rest_route=%2Fwp%2Fv2%2Fmedia&parent=384"}],"curies":[{"name":"wp","href":"https:\/\/api.w.org\/{rel}","templated":true}]}}